ommon divisor of p and l.
28
Let v(a) = -a**2 - 35*a - 23. Let p be v(-12). What is the highest common divisor of p and 11?
11
Let c be 38/(-4)*(-12 - (-56)/7). Calculate the highest common factor of c and 19.
19
Suppose 2*x + 3303 = 5*k + x, 15 = -5*x. Let y = k - 468. What is the highest common factor of 12 and y?
12
Let i = -23 + 25. Let z be (-23 + 22)/((-1)/i). What is the highest common factor of z and 6?
2
Let h = -169 + 488. Calculate the highest common factor of h and 11.
11
Suppose 5*d - 9*w + 4*w - 80 = 0, -2*d + 23 = w. Let f(j) = -9*j - 6. Let n be f(-5). Calculate the greatest common divisor of n and d.
13
Suppose 4*h - 16 = -3*d + d, d - 4*h = -16. Let x be 22/(d - 8/(-20)). Calculate the greatest common divisor of 11 and x.
11
Let d be 207/(4 + (-110)/30). What is the highest common divisor of d and 46?
23
Let x be (9 - 1)*(-1)/(-8)*4. Suppose -h = 3*a - 19, -x*a = a + 5. Calculate the greatest common factor of h and 88.
22
Let p = 1012 + -718. What is the highest common factor of 84 and p?
42
Let k(b) = b**2 - b + 2. Let l be k(1). Let i(x) = l + 3*x**2 + x**2 + 3*x - 3 - 5*x. Let r be i(-1). Calculate the greatest common divisor of 55 and r.
5
Let m(l) = -2*l**3 + 2*l**2 - l + 1. Let d be m(2). Let q be (-129)/d - (-4)/6. What is the highest common factor of q and 10?
5
Let y(l) be the second derivative of -l**5/20 - 7*l**4/12 - 4*l**3/3 - 7*l**2/2 - 11*l. Let v be y(-6). Calculate the highest common factor of v and 1.
1
Let t(x) = -x**2 + 19*x - 3. Let u be t(19). Let p be (-4 - (-92)/(-12))*u. What is the greatest common divisor of 7 and p?
7
Let a(i) = i**3 - 6*i**2 - 11*i - 4. Let k be a(8). Let z = k - 20. Let l = -3 - -7. What is the highest common factor of l and z?
4
Suppose 0 = -4*g - 3*s + 8*s - 7, -5*g - s = -13. Suppose 2*u = f + 8, 3*f - 19 - g = -3*u. Calculate the highest common factor of u and 1.
1
Let u = -33 - -36. Let v be 3/(-7 - -4) + u. What is the highest common divisor of 4 and v?
2
Suppose -4*q - 31 = -2*h + 13, 56 = 3*h - 4*q. Let j be (-1*4 - 2)/(-2). Calculate the highest common factor of j and h.
3
Let r(l) = -l**2 - l + 3. Let w be r(0). Suppose 3*q - 4*q = -w. What is the greatest common divisor of 9 and q?
3
Suppose -5*v = -149 - 26. Let c be 16/80 - 48/(-10). What is the highest common divisor of c and v?
5
Let x = 2 - 0. Suppose 4*k = 2*o - 0 + 82, 105 = 5*k - x*o. Let u = k + 22. Calculate the highest common factor of u and 30.
15
Suppose 5 = -5*s + 15. Let n = 3 + s. Suppose -5*j + 49 = -4*j + i, -5*i - 235 = -n*j. What is the highest common divisor of 12 and j?
12
Suppose 5*s - 21 = -1. Let w be 10/s - 8/16. Suppose 960 = 3*l + w*l. What is the greatest common factor of 24 and l?
24
Suppose -22*v = -2*v - 3300. Calculate the greatest common divisor of v and 10.
5
Let y(x) = -x**2 - 31*x - 58. Let l be y(-30). Let f be (2 + l/8)*-8. Calculate the highest common factor of 42 and f.
6
Suppose 2*j - 240 = -4*j. Let s = 2 + 3. Calculate the highest common factor of s and j.
5
Suppose 8409 - 1014 = 29*o. What is the highest common factor of 15 and o?
15
Let f(v) = 5*v - 123. Let b be f(30). What is the highest common divisor of 1107 and b?
27
Suppose 13*c - 555 = 8*c. Suppose 0*n + d = 3*n - 95, 3*n = -3*d + c. Suppose -2 = o - 5. What is the greatest common divisor of n and o?
3
Let n be (-4)/(-8) - (-287)/2. Suppose -4*m + 5*m - 5*z = 36, -2*m + 40 = -2*z. What is the highest common factor of m and n?
16
Let x be (-7 + -7)*(1 - 0). Let f be (-4)/x + 820/70. Suppose 3*p = -5*u + 34, -4*u + u + 6 = -3*p. What is the highest common factor of p and f?
3
Let m(v) = 8*v**2 + 2*v + 3. Let p be m(-2). Let t be p*1 + 11 + -10. Let x = 142 - 94. What is the highest common divisor of x and t?
16
Let x = -106 + 194. Let r be 17/2 - 1/2. What is the greatest common factor of x and r?
8
Suppose -179*d + 75 = -174*d. Calculate the highest common factor of 255 and d.
15
Let c(y) = -6*y - 22. Let l be c(-8). What is the greatest common divisor of l and 338?
26
Suppose 14*z - 4 = 12*z, 1759 = 3*d - 4*z. Calculate the greatest common divisor of d and 19.
19
Let t be (-2303)/(-98) + (-7)/2. Let s = 7 - 2. What is the greatest common factor of t and s?
5
Let n be (0 - 597/(-18)) + 2/(-12). Let q = n - 26. Calculate the greatest common factor of q and 7.
7
Let p(j) = j**3 - 7*j**2 - 19*j + 34. Let r be p(10). Let b be -1 + 16 - (0 + -1). Suppose b = 4*g - r. Calculate the greatest common factor of g and 8.
8
Let q(j) = j**3 + 9*j**2 - j + 47. Let y be q(-8). What is the greatest common factor of y and 102?
17
Let f(a) = -2*a + 24. Let z be f(11). Suppose z*m = 5*c + 82, -6*c = m - 9*c - 42. Calculate the highest common factor of m and 4.
4
Let a = 71 - 15. Let w = -52 + a. What is the highest common divisor of 36 and w?
4
Suppose 116 = -35*n + 1026. What is the highest common factor of 104 and n?
26
Let z = 30 - -10. Suppose 49*x + 7*x - 280 = 0. What is the greatest common divisor of x and z?
5
Let i(z) = -5*z - 5. Let l be i(-5). Let p(d) = d**3 + 10*d**2 + 23*d + 6. Let r be p(-4). Calculate the highest common divisor of l and r.
10
Let z(o) = -2*o + 9*o**2 + 3*o + 0*o. Let p be z(-1). What is the highest common factor of p and 72?
8
Let a = -3 + 20. Let u = -4 + a. Suppose 11*i = u*i - 8. Calculate the greatest common divisor of 2 and i.
2
Suppose -169 = -4*a + 487. Let q = -104 + a. Let r be (-2)/9 + (-182)/(-9). What is the greatest common divisor of r and q?
20
Let i be 7/2 - 6/(-12). Suppose -i*f = -364 + 56. Let z(k) = k + 17. Let g be z(-6). Calculate the greatest common divisor of g and f.
11
Let w(d) = 132*d. Let h be w(1). Let o = 441 - 429. Calculate the highest common factor of h and o.
12
Suppose -6*d + 7*d - 1 = 0. Let a be (-34)/(-4)*1 - (-2)/4. What is the highest common divisor of a and d?
1
Let f = 9 + 26. Suppose 0 = 2*t - 2*u + 2, 2*t + 3*t + 3*u - f = 0. What is the highest common divisor of 36 and t?
4
Let w = 57 + 4. Let p = -26 + w. Suppose -4*l - 7 + p = 0. Calculate the greatest common factor of 7 and l.
7
Let m(u) = 8*u**2 + 5*u - 52. Let j be m(6). Calculate the highest common divisor of j and 28.
14
Let b(c) = -34*c**2 + 2*c - 1. Let y be b(3). Let m = -208 - y. What is the greatest common factor of 31 and m?
31
Let g(s) = 2*s + 1. Let k be g(8). Suppose 0 = -q + 4*q - 42. Let f be 956/q - (-4)/(-14). What is the highest common divisor of k and f?
17
Let y = 219 + -156. Calculate the highest common factor of y and 14.
7
Let t be 1 - 0 - (-58 + 38). Calculate the highest common factor of 48 and t.
3
Let f = 42 - -24. Suppose -6*h + 15 = -15. Suppose 8 = 2*w - w - r, 20 = h*w + 5*r. Calculate the highest common divisor of f and w.
6
Let f = 267 + -236. Calculate the greatest common divisor of f and 341.
31
Let i be -1*14*(-2)/4. Suppose -9*k + 446 + 373 = 0. What is the highest common divisor of k and i?
7
Let z(s) = -s + 2. Let k = 12 - 17. Let m be z(k). Let y be -21*-24*1/m. What is the highest common factor of y and 9?
9
Suppose j = 13 - 10. Suppose 5*i + j*s = 43, -2*i + s = -3*s - 12. Suppose -4 = -5*r + r, -k + 83 = 3*r. Calculate the greatest common divisor of k and i.
8
Let i be (4 + -2)/(5/175). What is the greatest common factor of i and 56?
14
Let p(q) = -290*q**3 - 2*q**2 - 4*q - 3. Let f be p(-1). Calculate the highest common factor of f and 85.
17
Let s be ((-12)/(-20))/(1/(1*10)). Suppose -2*w = -4*n + 70, 3*n - s*w + 4*w - 55 = 0. Calculate the greatest common divisor of n and 45.
15
Let m = 93 - -6. Suppose 2*l = j + 3*l - 170, 0 = 5*j + l - 834. Let x = j - 155. Calculate the greatest common factor of x and m.
11
Let c(h) = -h + 3. Let o(s) = -s + 3. Let p(n) = -6*c(n) + 7*o(n). Let u be p(-5). Suppose 0 = -5*j + u*j - 285. What is the greatest common factor of j and 38?
19
Let z = -5 - -2. Let c be (-2 - (-20 - z)) + -3. Suppose -3*u + c = -u. What is the highest common divisor of u and 15?
3
Suppose -7*v + 10*v - 396 = 0. What is the highest common factor of v and 176?
44
Suppose -2*p - 44*g = -46*g - 5974, -3*g = -2*p + 5978. What is the greatest common factor of p and 19?
19
Let d = 75 - -58. Let t(j) = -j**3 + 12*j**2 + 8*j + 84. Let i be t(13). What is the highest common divisor of d and i?
19
Suppose 0 = -229*c + 224*c + 1495. Calculate the greatest commo